e 15, what is -1 - -5?
4
In base 8, what is -16 + -72?
-110
In base 7, what is -1 - -310?
306
In base 5, what is -2 - -2423?
2421
In base 13, what is -3795 + 2?
-3793
In base 2, what is 100 + 111000100?
111001000
In base 5, what is 1113 + -4?
1104
In base 8, what is 1603 + 2?
1605
In base 2, what is 110011 + -100?
101111
In base 9, what is -26 + 10?
-16
In base 10, what is 51 + -9?
42
In base 15, what is -33c8 - 2?
-33ca
In base 3, what is 20 - 110120?
-110100
In base 6, what is 2112 - 2?
2110
In base 6, what is 3553 - 5?
3544
In base 10, what is -1 + 591?
590
In base 15, what is -1 - -47?
46
In base 15, what is 2 - a1?
-9e
In base 8, what is 1 - 353?
-352
In base 10, what is -4 - 52?
-56
In base 8, what is -77 + -4?
-103
In base 8, what is 25 + 224?
251
In base 6, what is 2 - 224?
-222
In base 6, what is -33 - 4?
-41
In base 15, what is 3 - 10d8?
-10d5
In base 11, what is -90 + 0?
-90
In base 15, what is 4 + -e0?
-db
In base 11, what is 6 + -24?
-19
In base 16, what is -1 + d?
c
In base 8, what is -212 - -1?
-211
In base 15, what is 5c5 + -b?
5b9
In base 3, what is 20111 - 1?
20110
In base 13, what is -1 + -38c?
-390
In base 14, what is 0 - -2d?
2d
In base 13, what is -1b4 + 1?
-1b3
In base 4, what is 2 + -2101?
-2033
In base 9, what is 24 + 2?
26
In base 9, what is 2 - -484?
486
In base 2, what is 0 - 1000011011?
-1000011011
In base 16, what is 1d7b - 4?
1d77
In base 11, what is 45 + 9?
53
In base 2, what is 10011000100 + -10?
10011000010
In base 6, what is 4 + 3?
11
In base 2, what is 11 + 100011?
100110
In base 15, what is 11 + -10e?
-ed
In base 7, what is 115 - 1?
114
In base 13, what is -a + 2c?
22
In base 14, what is b + 0?
b
In base 8, what is -3 + 162?
157
In base 7, what is 2 - 30?
-25
In base 9, what is 5 + -4374?
-4368
In base 13, what is 2c73 + 1?
2c74
In base 9, what is -47 - 6?
-54
In base 16, what is -8 + 6?
-2
In base 12, what is 175 - -2?
177
In base 4, what is -11 + 111122?
111111
In base 7, what is 2 - 114?
-112
In base 9, what is -341 + 12?
-328
In base 13, what is -28 - 13?
-3b
In base 9, what is 6 - 6462?
-6455
In base 7, what is 645 + 4?
652
In base 14, what is 5 + 26d?
274
In base 8, what is 0 + 25?
25
In base 2, what is 1 - -110?
111
In base 11, what is -235 + 0?
-235
In base 7, what is -4 + -604?
-611
In base 7, what is 5121 + 5?
5126
In base 5, what is -2 + -124?
-131
In base 13, what is 37 - -4?
3b
In base 15, what is 3 + 1c5?
1c8
In base 13, what is 3 + 8c?
92
In base 9, what is -42 + -41?
-83
In base 10, what is 3 - 28?
-25
In base 12, what is -5 - 4b?
-54
In base 15, what is -4 - -13?
e
In base 6, what is 113 - 22?
51
In base 13, what is -4 + 1812?
180b
In base 14, what is 685 + -5?
680
In base 8, what is 2134 + 5?
2141
In base 7, what is 13225 + -5?
13220
In base 10, what is 162 + 1?
163
In base 6, what is 1020 - -3?
1023
In base 5, what is -14021 + -22?
-14043
In base 7, what is 5 - 16526?
-16521
In base 15, what is -186 + 5?
-181
In base 4, what is -2 - -30?
22
In base 7, what is 5 - 30?
-22
In base 7, what is 20 - 13?
4
In base 11, what is 16 - -179?
194
In base 7, what is 266 - 11?
255
In base 3, what is 2221020 - -12?
2221102
In base 2, what is -1010 - -11111001?
11101111
In base 16, what is 4 - -19be?
19c2
In base 2, what is 100110 + -1001?
11101
In base 16, what is -1a + 4f?
35
In base 11, what is -36 + 7?
-2a
In base 16, what is 6b + 1?
6c
In base 5, what is -311 - -42?
-214
In base 15, what is 5 + b?
11
In base 4, what is 2013 + 33?
2112
In base 13, what is 30 + 2?
32
In base 12, what is 0 + a23?
a23
In base 8, what is 2424 - -3?
2427
In base 13, what is 63 + 112?
175
In base 8, what is -22074 - 3?
-22077
In base 4, what is -30 + 0?
-30
In base 9, what is 2 + 58?
61
In base 15, what is -188 - 18?
-1a1
In base 9, what is -37558 - 1?
-37560
In base 16, what is 5f - c3?
-64
In base 15, what is -d + ad7?
ac9
In base 8, what is 54721 + -5?
54714
In base 12, what is 1 - 85?
-84
In base 4, what is -21 + -113?
-200
In base 3, what is -11 - -10021120?
10021102
In base 12, what is -5a - 4?
-62
In base 11, what is 13 + -16?
-3
In base 5, what is 1012 - 113?
344
In base 2, what is 100100 + 10100101?
11001001
In base 8, what is -3 - -51?
46
In base 14, what is 6 + 598?
5a0
In base 11, what is -4a3 + 2?
-4a1
In base 8, what is 2 + 0?
2
In base 8, what is -4507 + -4?
-4513
In base 3, what is -2120112 - 11?
-2120200
In base 10, what is 204 - -3?
207
In base 13, what is 1 + -229?
-228
In base 10, what is 3377 - 5?
3372
In base 2, what is 0 - -101111000?
101111000
In base 5, what is -121402 - -2?
-121400
In base 15, what is 0 + 14?
14
In base 14, what is d0 + 4?
d4
In base 16, what is 5 + 192?
197
In base 14, what is -7a - 1a?
-96
In base 5, what is -1031 + -4?
-1040
In base 9, what is -52 + -3?
-55
In base 2, what is -100010 + 10?
-100000
In base 15, what is 31 - 5?
2b
In base 3, what is -201 - -22110?
21202
In base 4, what is -1 + 211032?
211031
In base 2, what is -1000000 + 101110?
-10010
In base 16, what is 3 + d4?
d7
In base 7, what is -4 - -101?
64
In base 5, what is -20 + -3?
-23
In base 6, what is -31 - -1214?
1143
In base 15, what is 0 - -18?
18
In base 9, what is 351 - 3?
347
In base 15, what is -721 - 3?
-724
In base 4, what is -1 - 10103?
-10110
In base 15, what is -1 + 4e?
4d
In base 4, what is -3 + -23?
-32
In base 10, what is -5 + 41?
36
In base 6, what is 1 + 1210?
1211
In base 6, what is -433 + 14?
-415
In base 10, what is 12 - 296?
-284
In base 2, what is 11 - -100000000?
100000011
In base 12, what is -330 + -2?
-332
In base 13, what is -1 + -47?
-48
In base 14, what is 4 + 92?
96
In base 14, what is 207 - -1?
208
In base 2, what is 11 + -110101111?
-110101100
In base 2, what is 1011100011 - 10?
1011100001
In base 12, what is 16 + -137?
-121
In base 12, what is -a - 0?
-a
In base 14, what is -20 + 1c?
-2
In base 9, what is -127 - 82?
-220
In base 15, what is 4 - b4?
-b0
In base 13, what is -6 - 3c?
-45
In base 12, what is 3 + -2a48?
-2a45
In base 16, what is -2b - -a7?
7c
In base 8, what is 511 - 13?
476
In base 9, what is -2125 - -4?
-2121
In base 15, what is -34c + 0?
-34c
In base 11, what is 481 + 6?
487
In base 6, what is 201 - 103?
54
In base 3, what is -2 - -20110?
20101
In base 10, what is -347 + -4?
-351
In base 13, what is 3 - 743?
-740
In base 4, what is -320 + -11?
-331
In base 10, what is 73 - 4?
69
In base 9, what is 23 + -82?
-58
In base 16, what is 4 + 56?
5a
In base 15, what is 2 + -372?
-370
In base 3, what is 2 + -1022012?
-1022010
In base 16, what is -e44 + 4?
-e40
In base 9, what is -2 - -1183?
1181
In base 14, what is 243 + -20?
223
In base 15, what is 8c - 1b?
71
In base 12, what is -122 + 19?
-105
In base 4, what is 2 - -321?
323
In base 6, what is -10201 + 2?
-10155
In base 5, what is 0 + 1124?
1124
In base 11, what is 4 - 4033?
-402a
In base 10, what is -3 + -140?
-143
In base 10, what is -24 - -32?
8
In base 6, what is -151 - -22?
-125
In base 16, what is -18 + 54?
3c
In base 15, what is 2 - 8e?
-8c
In base 4, what is 10 - 1232?
-1222
In base 13, what is 4 - -24?
28
In base 12, what is -785 - 3?
-788
In base 11, what is a9 - 4?
a5
In base 9, what is 0 - -340?
340
In base 8, what is -23 - -60?
35
In base 7, what is 0 - 13?
-13
In base 7, what is 653 + -4?
646
In base 4, what is -2 - 12321?
-12323
In base 4, what is -1 - 132?
-133
In base 12, what is -48 - 6a?
-b6
In base 3, what is 1002 + -12?
220
In base 6, what is -4 - 30?
-34
In base 13, what is -260c - 0?
-260c
In base 13, what is 5 - 5?
0
In base 6, what is 5 - -133?
142
In base 9, what is -26 - 16?
-43
In base 12, what is -36 - -19?
-19
In base 10, what is 4 - 2130?
-2126
In base 13, what is -11 - 7?
-18
In base 5, what is -10 - -424?
414
In base 6, what is -1 - 242?
-243
In base 3, what is 20 - 1100?
-1010
In base 16, what is 2 + 1a?
1c
In base 4, what is -10 + -1023?
-1033
In base 15, what is -1c3a - -3?
-1c37
In base 12, what is -12 - -1?
-11
In base 5, what is 3234 + 22?
3311
In base 8, what is 46 - 15?
31
In base 4, what is 22 - 102212?
-102130
In base 9, what is -1 - 354?
-355
In base 15, what is b3 + 5?
b8
In base 6, what is -10 - -4?
-2
In base 9, what is -4 - -13?
8
In base 3, what is 120202 + 20?
120222
In base 5, what is -10 + -12?
-22
In base 7, what is -4 - -605?
601
In base 10, what is 182 - -19?
201
In